highest common factor of 25 and f?
25
Suppose -33 = 73*o - 76*o. Calculate the greatest common factor of o and 121.
11
Let a = 3 + 0. Suppose 3*p + 3*q = 6, 4*q + 15 = a. What is the highest common factor of p and 1?
1
Let y be 4/22 - 20/(-11). Suppose -3*o + o - 285 = -5*m, 2*m - 3*o - 114 = 0. Suppose -m = -y*c + c. What is the highest common factor of 38 and c?
19
Suppose 3*m - 44 = m. Let k be -10*((-1)/(-2) + -1). Suppose -3*c + k*c = 4. What is the highest common factor of m and c?
2
Suppose -1 = 4*b - 5*b. Suppose 37 + 11 = 4*w. Suppose 7*a - w*a = -20. Calculate the greatest common divisor of a and b.
1
Let m = -6 - -10. Let a be m/14 - 290/(-14). Let n = 3534 - 3527. What is the highest common factor of a and n?
7
Let c(g) = -g**3 - 9*g**2 - 18*g - 13. Let n be c(-7). Suppose n = 4*h - 1. Let f be ((-2)/3 - 2)*-6. Calculate the greatest common factor of h and f.
4
Let r = -9 - -8. Let x be (3 + -15 + 1)*r. Calculate the highest common factor of 44 and x.
11
Let k be (0 - (-2)/6)*(140 - -4). Calculate the greatest common factor of k and 224.
16
Let o = -81 + -27. Suppose 0 = -3*g + d + 514, -g + d + 162 = -4*d. Let q = g + o. What is the highest common factor of q and 8?
8
Let r = -2401 - -2463. Calculate the highest common divisor of r and 1643.
31
Suppose 3*g - 4*l + 7 = 61, 36 = 2*g + 5*l. Suppose 2*c + 3*f - g = 4*f, f = 4*c - 36. Calculate the greatest common factor of c and 18.
9
Let h = -4 - -12. Suppose 5*r = -x + 2*x - 32, -x = r - h. Let d be 3/x*7*4. What is the greatest common factor of d and 7?
7
Suppose g - 211 = -4*n, -4*g + 250 = 3*n + 2*n. Let z(c) = -c**3 + 8*c**2 - 5*c - 6. Let q be z(6). Calculate the highest common divisor of n and q.
18
Let y be 3/(4 + (-321)/78). Let i = -20 - y. Calculate the highest common divisor of 24 and i.
6
Let o be 1980/35 - ((-75)/(-21) - 3). Calculate the greatest common divisor of 42 and o.
14
Suppose 2*k - 3*m + 21 - 63 = 0, 0 = -2*m + 4. Calculate the highest common divisor of k and 18.
6
Let x be ((-33)/22 - 13/(-14))*-7. What is the greatest common divisor of 124 and x?
4
Let o = 10 - 0. Suppose -g - o = -12. Suppose 2*c = 5*c + 5*v - 9, 2*v = -3*c + 9. What is the greatest common divisor of c and g?
1
Suppose 3*k = 12, -3*f - 21 = 2*k + 7. Let h be (-8)/2*(1 - (-45)/f). What is the highest common factor of h and 44?
11
Suppose 0*h - 20 = -4*h. Suppose -4*p + 0 = -4*q - 4, h*p + q = 29. Calculate the greatest common factor of 80 and p.
5
Let m(z) = z. Let t(j) = 2*j**2 + j - 3. Let f be t(2). Let l be m(f). Calculate the greatest common factor of l and 77.
7
Suppose -2*x + 2 = -2. Suppose 34*m = 28*m + 48. Suppose -x - m = -a. Calculate the highest common factor of 50 and a.
10
Let t = -2 + 8. Let b be t*3/(-24)*-4. Let a be (-4 - 1*-6)*b. What is the greatest common factor of 42 and a?
6
Let x be 2*(90 - (-5 - -4)). Let w = x + -110. Calculate the highest common factor of w and 8.
8
Suppose 0 = 4*p - 2*i - 146, p - 4*i = -0*p + 40. Suppose -2*d + 12 = o - 2, -2*o + p = 2*d. What is the highest common divisor of 33 and o?
11
Suppose r = -5*b + 30, -2*r + 0 - 30 = -5*b. Suppose -b*q + 1136 = 200. Suppose -2*p + q = 12. Calculate the greatest common divisor of 8 and p.
8
Let c be (-370)/(-14) - 15/35. Suppose -7*d + 93 + c = 0. Let x be (-2 - -1) + (-120)/(-1). Calculate the greatest common factor of x and d.
17
Suppose 108 = k + 3*k + 2*a, 2*k + 2*a = 58. Let q(r) = -25*r. Suppose -5*z = -z + 20. Let t be q(z). What is the greatest common factor of k and t?
25
Let d(n) = n**3 + 14*n**2 - 22*n + 43. Let b be d(-12). Calculate the greatest common divisor of 35 and b.
35
Let r(s) = -s**3 - 2*s**2 + s + 128. Let f be r(0). What is the highest common divisor of 1600 and f?
64
Suppose 0 = -o - 3*o + d + 15, 6 = 2*o - 2*d. Let q be o/2 + 0/1. Calculate the greatest common factor of q and 14.
2
Suppose -2*a - a + 15 = 0. Suppose -o = 5, -2*c + 20 + 5 = -3*o. What is the greatest common divisor of c and a?
5
Suppose i + 43 = 5*p + 19, 36 = 4*p - 5*i. Suppose 0 = -p*z + 8*z - 88. Let h be (33/(-6))/((-2)/20). What is the greatest common divisor of z and h?
11
Let h(i) = i - 6. Let b be h(-7). Let u be 0/1 + -4 - b. Calculate the highest common factor of u and 63.
9
Let f be (-10)/3*(-15)/10. Suppose 0*u - 180 = -f*u. Suppose h = -0*h + 9. Calculate the greatest common divisor of h and u.
9
Suppose 99 = 4*p + n, -n = -p + 2*n + 15. Let x = 59 + -35. What is the highest common factor of x and p?
24
Suppose -2*g - 406 = -4*g. Let p(k) = -2*k**2 - 102*k - 167. Let q be p(-49). Calculate the greatest common factor of q and g.
29
Let i(a) = -11*a**2 - 3*a + 6. Let y(g) = -21*g**2 - 5*g + 11. Let u(m) = 11*i(m) - 6*y(m). Let s be u(5). What is the highest common divisor of 22 and s?
22
Let n be (-1966)/(-4) + (-4 - (-63)/14). What is the highest common divisor of 12 and n?
12
Let m be (-51)/(-5)*1 - 95/475. Calculate the highest common divisor of 340 and m.
10
Let t(p) = p**3 - 2*p**2 + 12*p - 12. Let k be t(8). Suppose 2*z = 14*z - k. What is the greatest common factor of z and 312?
39
Let x(j) = 2*j**3 - 3*j**2 - 5*j - 10. Let a be x(5). Let b be (a/42)/(1/12). What is the highest common divisor of 8 and b?
8
Let d = 26 - 16. Suppose 6 - 2 = 2*n + 5*w, 0 = 5*n - 4*w - d. Suppose -47 - 33 = -5*r + 2*z, -3*r + 69 = 3*z. Calculate the greatest common factor of r and n.
2
Suppose -2*h = 3*j - 73, -2*h = -3*j + 3*h + 38. Suppose -c - 9 = 4*a, 2*a - 7*a - 10 = 0. Let k = 4 + c. Calculate the greatest common divisor of j and k.
3
Let p be (-2)/4*6/(-1). Suppose -2*i + 2*v - 5 = 5, -4*i = 3*v - 8. Let s be (72/96)/(i/(-8)). What is the highest common divisor of p and s?
3
Suppose -3*z + 304 + 1559 = 0. Calculate the greatest common divisor of 27 and z.
27
Let s(m) = -m**3 - 4*m**2 + 27*m + 118. Let q be s(-8). Calculate the greatest common factor of q and 1185.
79
Let r(g) = -25*g + 9. Let u be r(-4). Suppose 6*a - 23 = u. Calculate the highest common factor of 110 and a.
22
Let u be (1280/8)/(-3*(-1)/3). Calculate the greatest common divisor of u and 280.
40
Let n(x) = x**3 - x**2 + x + 30. Let h be n(0). Suppose -q + 6 = -h. Calculate the highest common divisor of 12 and q.
12
Let f = 155 - 141. What is the highest common factor of f and 7?
7
Suppose -4*o = -o - 135. Let z(i) = 2*i - 2. Let u be z(-4). Let k = u + 15. What is the greatest common factor of k and o?
5
Suppose 0 = 193*j - 194*j + 100. What is the highest common divisor of 60 and j?
20
Let o = -391 - -407. What is the highest common factor of o and 272?
16
Let t(l) = -l - 4. Let j be t(16). Let o be (2 - 7)/((-2)/(-4)). Let r be 8/j + (-244)/o. What is the highest common factor of r and 48?
24
Suppose 43*y - 2525 = 38*y + 2*b, 4*b + 1515 = 3*y. What is the highest common factor of 15 and y?
5
Let b = -133 + 89. Let z = 121 + b. Calculate the highest common factor of z and 7.
7
Suppose -2*g - 2*g + 532 = 0. Let t(i) = -397*i - 2760. Let n be t(-7). What is the greatest common factor of g and n?
19
Let a be (-1 + -3)/((-3)/((-225)/6)). Let b be (-8 - a) + 0 + (2 - 1). Calculate the highest common factor of b and 43.
43
Suppose 4*v - 33 = -3*i, -19 = -4*i - 3*v + 25. What is the greatest common divisor of 352 and i?
11
Suppose 17*b - 340 = 12*b. Calculate the highest common factor of 51 and b.
17
Let b = 933 + -753. Calculate the highest common divisor of 120 and b.
60
Suppose 3*i - 30 = 3. Suppose -5 + 2 = 3*w, 0 = -2*f + 2*w - 42. Let j = i - f. What is the greatest common divisor of 3 and j?
3
Let d = -47 - -53. Let x = -31 + 43. What is the greatest common factor of d and x?
6
Suppose 6 = 4*f + 2*x + 3*x, 5*f - x = 22. Suppose -72 = -6*i + f*i. What is the highest common divisor of i and 4?
4
Suppose 0 = -q + 4. Suppose -q*g - 242 = -15*g. What is the greatest common divisor of g and 77?
11
Let m = 10 - 63. Let a = m - -108. Let z(l) = -2*l**3 + 2*l**2 - 2. Let d be z(-2). What is the greatest common factor of d and a?
11
Suppose 13*u - 11*u = -3*t + 272, t = -5*u + 667. Calculate the greatest common factor of 7 and u.
7
Suppose z + 4*p = 185, -14*p = 5*z - 19*p - 800. Calculate the highest common factor of 90 and z.
15
Let b(d) = -42*d - 1. Let u be b(-1). Let n = u + -31. Calculate the greatest common factor of n and 4.
2
Suppose 0 